{"id":1426,"date":"2025-09-10T13:44:45","date_gmt":"2025-09-10T12:44:45","guid":{"rendered":"http:\/\/nonnart.fr\/?page_id=1426"},"modified":"2025-09-18T14:02:02","modified_gmt":"2025-09-18T13:02:02","slug":"qui-suis-je","status":"publish","type":"page","link":"https:\/\/nonnart.fr\/index.php\/qui-suis-je\/","title":{"rendered":"Qui suis-je ?"},"content":{"rendered":"\n<p>Je suis Christine CRIVELLO GANTER, maman de trois enfants et nonna d\u2019une petite-fille.<\/p>\n\n\n\n<p>J\u2019ai toujours \u00e9t\u00e9 attir\u00e9e par les diff\u00e9rents moyens d\u2019expression artistique. L\u2019Art sous toutes ses formes. La r\u00e9alisation de tableaux \u00e9tait une aspiration de longue date que je n\u2019ai pu concr\u00e9tiser qu\u2019en 2008 une fois les enfants plus autonomes. Mon temps \u00e9tant partag\u00e9 entre vie professionnelle et vie familiale.<\/p>\n\n\n\n<p>La recherche d\u2019une \u00e9cole dispensant cette technique mixte non ordinaire, n\u2019a pas \u00e9t\u00e9 ais\u00e9e. C\u2019est par l\u2019interm\u00e9diaire d\u2019une coll\u00e8gue de travail que j\u2019ai d\u00e9couvert \u00ab&nbsp;L\u2019atelier de No\u00e9&nbsp;\u00bb \u00e0 Strasbourg o\u00f9 Nathalie Falck professionnelle des Arts D\u00e9co partage avec enthousiasme ses connaissances sur les diff\u00e9rentes techniques de peinture. J\u2019y ai suivi des cours pendant plus de douze ans.<\/p>\n\n\n\n<h2 class=\"wp-block-heading has-medium-font-size\">L&rsquo;art et l&rsquo;\u00e9motion, mon voyage cr\u00e9atif<\/h2>\n\n\n\n<p>L\u2019imagination, la composition, les mati\u00e8res insolites, les couches successives, les textures, les collages, l\u2019explosion des couleurs, permettent de r\u00e9aliser des \u0153uvres surprenantes et vibrantes. Mais il vient un moment o\u00f9 il faut s\u2019arr\u00eater pour ne pas nuire \u00e0 l\u2019\u00e9quilibre obtenu.<\/p>\n\n\n\n<p>J\u2019adore exp\u00e9rimenter les techniques, les diff\u00e9rentes mati\u00e8res, mixer les m\u00e9diums.<\/p>\n\n\n\n<p>Les th\u00e8mes qui m\u2019inspirent sont essentiellement, la nature, la vie, la joie. Tout ce qui nous entoure peut \u00eatre source d\u2019inspiration. Mon esprit alors, vagabonde et se laisse emporter vers la fantaisie.<\/p>\n\n\n\n<p>Peindre est pour moi une rencontre avec soi, une ouverture vers le monde, une aventure. Cela permet de me ressourcer, g\u00e9n\u00e8re l\u2019optimisme et m\u2019apporte beaucoup de bonheur.<\/p>\n\n\n\n<p>Je vous propose de d\u00e9couvrir mes toiles et les laisse ouvertes \u00e0 l\u2019interpr\u00e9tation du visiteur.  J\u2019 esp\u00e8re qu\u2019elles vous s\u00e9duiront, vous toucheront et que vous prendrez plaisir \u00e0 les regarder.<\/p>\n\n\n\n<p><\/p>\n","protected":false},"excerpt":{"rendered":"<p>Je suis Christine CRIVELLO GANTER, maman de trois enfants et nonna d\u2019une petite-fille. J\u2019ai toujours \u00e9t\u00e9 attir\u00e9e par les diff\u00e9rents moyens d\u2019expression artistique. L\u2019Art sous toutes ses formes. La r\u00e9alisation [&hellip;]<\/p>\n","protected":false},"author":1,"featured_media":0,"parent":0,"menu_order":0,"comment_status":"closed","ping_status":"closed","template":"","meta":{"jetpack_post_was_ever_published":false,"footnotes":""},"class_list":["post-1426","page","type-page","status-publish","hentry"],"jetpack_sharing_enabled":true,"jetpack_shortlink":"https:\/\/wp.me\/P6ZFmf-n0","jetpack-related-posts":[],"_links":{"self":[{"href":"https:\/\/nonnart.fr\/index.php\/wp-json\/wp\/v2\/pages\/1426","targetHints":{"allow":["GET"]}}],"collection":[{"href":"https:\/\/nonnart.fr\/index.php\/wp-json\/wp\/v2\/pages"}],"about":[{"href":"https:\/\/nonnart.fr\/index.php\/wp-json\/wp\/v2\/types\/page"}],"author":[{"embeddable":true,"href":"https:\/\/nonnart.fr\/index.php\/wp-json\/wp\/v2\/users\/1"}],"replies":[{"embeddable":true,"href":"https:\/\/nonnart.fr\/index.php\/wp-json\/wp\/v2\/comments?post=1426"}],"version-history":[{"count":5,"href":"https:\/\/nonnart.fr\/index.php\/wp-json\/wp\/v2\/pages\/1426\/revisions"}],"predecessor-version":[{"id":1494,"href":"https:\/\/nonnart.fr\/index.php\/wp-json\/wp\/v2\/pages\/1426\/revisions\/1494"}],"wp:attachment":[{"href":"https:\/\/nonnart.fr\/index.php\/wp-json\/wp\/v2\/media?parent=1426"}],"curies":[{"name":"wp","href":"https:\/\/api.w.org\/{rel}","templated":true}]}}